{"id":75,"date":"2022-02-02T09:51:34","date_gmt":"2022-02-02T09:51:34","guid":{"rendered":"https:\/\/ak-werbegrafik.at\/?page_id=75"},"modified":"2024-06-26T16:24:41","modified_gmt":"2024-06-26T16:24:41","slug":"impressum","status":"publish","type":"page","link":"https:\/\/ak-werbegrafik.at\/?page_id=75","title":{"rendered":"Impressum"},"content":{"rendered":"\t\t<div data-elementor-type=\"wp-page\" data-elementor-id=\"75\" class=\"elementor elementor-75\">\n\t\t\t\t\t\t<section class=\"elementor-section elementor-top-section elementor-element elementor-element-23737fc elementor-section-full_width elementor-section-height-default elementor-section-height-default\" data-id=\"23737fc\" data-element_type=\"section\" data-settings=\"{&quot;background_background&quot;:&quot;classic&quot;}\">\n\t\t\t\t\t\t<div class=\"elementor-container elementor-column-gap-default\">\n\t\t\t\t\t<div class=\"elementor-column elementor-col-100 elementor-top-column elementor-element elementor-element-3c6de64\" data-id=\"3c6de64\" data-element_type=\"column\">\n\t\t\t<div class=\"elementor-widget-wrap elementor-element-populated\">\n\t\t\t\t\t\t<div class=\"elementor-element elementor-element-7e009ce elementor-widget elementor-widget-heading\" data-id=\"7e009ce\" data-element_type=\"widget\" data-widget_type=\"heading.default\">\n\t\t\t\t<div class=\"elementor-widget-container\">\n\t\t\t<h2 class=\"elementor-heading-title elementor-size-default\">Impressum<\/h2>\t\t<\/div>\n\t\t\t\t<\/div>\n\t\t\t\t<div class=\"elementor-element elementor-element-e820e7a elementor-widget elementor-widget-text-editor\" data-id=\"e820e7a\" data-element_type=\"widget\" data-widget_type=\"text-editor.default\">\n\t\t\t\t<div class=\"elementor-widget-container\">\n\t\t\t\t\t\t\t<div id=\"pu15394-42\" class=\"clearfix colelem\"><div id=\"u100-8\" class=\"clearfix\"><h6 id=\"u15394-5\" class=\"Beschriftung\"><span id=\"u15394-4\" class=\"Zeichenformat-1\">Herzlichen Dank f\u00fcr Ihren Besuch auf unserer Website. Wir haben die Informationen auf dieser sorgf\u00e4ltig zusammengetragen, \u00fcbernehmen jedoch\u00a0 keine Haftung oder Garantie f\u00fcr deren Aktualit\u00e4t, Richtigkeit und Vollst\u00e4ndigkeit.<\/span><\/h6><h6 id=\"u15394-7\" class=\"Beschriftung\"><span id=\"u15394-6\" class=\"Zeichenformat-1\">Wir \u00fcbernehmen ferner keine Haftung oder Garantie f\u00fcr den Inhalt von Internetseiten, auf die diese Website indirekt oder direkt verweist. Der Inhalt der ak-Werbegrafik Website ist urheberrechtlich und\/oder markenrechtlich gesch\u00fctzt. Er umfasst Bilder, Skizzen, Logos, Text und Beschreibungen, die entweder ak-Werbegrafik oder Dritten geh\u00f6ren.<\/span><\/h6><h6 id=\"u15394-9\" class=\"Beschriftung\"><span id=\"u15394-8\" class=\"Zeichenformat-1\">Alle Dokumente und Beschreibungen, welche zum Download von diesem Server zur Verf\u00fcgung gestellt werden, unterliegen dem Urheberrecht. F\u00fcr deren Richtigkeit, Funktionalit\u00e4t und Aktualit\u00e4t \u00fcbernehmen wir keine Haftung. Jegliche Haftung f\u00fcr direkte oder indirekte Sch\u00e4den durch die Verwendung sind ausgeschlossen. Dies schlie\u00dft auch Datenverlust und entgangenen Gewinn mit ein. Durch den Download stimmt der Benutzer unseren allgemeinen Gesch\u00e4ftsbedingungen und Lizenzvereinbarungen zu.<\/span><\/h6><h6 id=\"u15394-11\" class=\"Beschriftung\"><span id=\"u15394-10\" class=\"Zeichenformat-1\">Datenschutz: Alle Angaben werden entsprechend den geltenden datenschutzrechtlichen Bestimmungen vertraulich behandelt. Daten werden nicht an Dritte weitergegeben.<\/span><\/h6><h6 id=\"u15394-15\" class=\"Beschriftung\"><span id=\"u15394-14\" class=\"Zeichenformat-1\">Mitglied der Fachgruppe Werbung und Marktkommunikation<\/span><\/h6><h6 id=\"u15394-17\" class=\"Beschriftung\"><span id=\"u15394-16\" class=\"Zeichenformat-1\">Berufsgruppe Werbegrafiker &#8211; Designer<\/span><\/h6><\/div><\/div>\t\t\t\t\t\t<\/div>\n\t\t\t\t<\/div>\n\t\t\t\t<div class=\"elementor-element elementor-element-2e5c447 elementor-widget elementor-widget-image\" data-id=\"2e5c447\" data-element_type=\"widget\" data-widget_type=\"image.default\">\n\t\t\t\t<div class=\"elementor-widget-container\">\n\t\t\t\t\t\t\t\t\t\t\t\t\t<img decoding=\"async\" width=\"300\" height=\"42\" src=\"https:\/\/ak-werbegrafik.at\/wp-content\/uploads\/2022\/02\/wko.jpg\" class=\"attachment-large size-large wp-image-77\" alt=\"\" \/>\t\t\t\t\t\t\t\t\t\t\t\t\t<\/div>\n\t\t\t\t<\/div>\n\t\t\t\t<div class=\"elementor-element elementor-element-50fdd7c elementor-widget elementor-widget-text-editor\" data-id=\"50fdd7c\" data-element_type=\"widget\" data-widget_type=\"text-editor.default\">\n\t\t\t\t<div class=\"elementor-widget-container\">\n\t\t\t\t\t\t\t<div id=\"pu15394-42\" class=\"clearfix colelem\"><div id=\"u15394-42\" class=\"clearfix grpelem\"><h5 id=\"u15394-22\" class=\"Beschriftung\">ak-Werbegrafik Anna Kinz<br \/>Schlagereck 16 | 5242 St. Johann am Walde<br \/><a href=\"tel:06763924959\">06763924959<\/a> | alois.kinz@inext.at<\/h5><h6 id=\"u15394-28\" class=\"Beschriftung\">ATU 75041358 | Gerichtsstand Mattighofen<\/h6><h5 id=\"u15394-31\" class=\"Beschriftung\"><a href=\"https:\/\/ak-werbegrafik.at\/wp-content\/uploads\/2022\/02\/Gescha\u0308ftsbedingungen.pdf\"><span style=\"text-decoration: underline;\">Allgemeine Gesch\u00e4ftsbedingungen<\/span><\/a><\/h5><\/div><\/div><p>\u00a0<\/p>\t\t\t\t\t\t<\/div>\n\t\t\t\t<\/div>\n\t\t\t\t<div class=\"elementor-element elementor-element-c25b6fe elementor-align-right elementor-widget elementor-widget-button\" data-id=\"c25b6fe\" data-element_type=\"widget\" data-widget_type=\"button.default\">\n\t\t\t\t<div class=\"elementor-widget-container\">\n\t\t\t\t\t\t\t<div class=\"elementor-button-wrapper\">\n\t\t\t\t\t<a class=\"elementor-button elementor-button-link elementor-size-xs elementor-animation-grow\" href=\"https:\/\/ak-werbegrafik.at\/\">\n\t\t\t\t\t\t<span class=\"elementor-button-content-wrapper\">\n\t\t\t\t\t\t\t\t\t<span class=\"elementor-button-text\">zur\u00fcck zur Startseite<\/span>\n\t\t\t\t\t<\/span>\n\t\t\t\t\t<\/a>\n\t\t\t\t<\/div>\n\t\t\t\t\t\t<\/div>\n\t\t\t\t<\/div>\n\t\t\t\t\t<\/div>\n\t\t<\/div>\n\t\t\t\t\t<\/div>\n\t\t<\/section>\n\t\t\t\t<\/div>\n\t\t","protected":false},"excerpt":{"rendered":"<p>Impressum Herzlichen Dank f\u00fcr Ihren Besuch auf unserer Website. Wir haben die Informationen auf dieser sorgf\u00e4ltig zusammengetragen, \u00fcbernehmen jedoch\u00a0 keine Haftung oder Garantie f\u00fcr deren Aktualit\u00e4t, Richtigkeit und Vollst\u00e4ndigkeit. Wir \u00fcbernehmen ferner keine Haftung oder Garantie f\u00fcr den Inhalt von Internetseiten, auf die diese Website indirekt oder direkt verweist. Der Inhalt der ak-Werbegrafik Website ist [&hellip;]<\/p>\n","protected":false},"author":1,"featured_media":0,"parent":0,"menu_order":0,"comment_status":"closed","ping_status":"closed","template":"elementor_canvas","meta":{"footnotes":""},"class_list":["post-75","page","type-page","status-publish","hentry"],"_links":{"self":[{"href":"https:\/\/ak-werbegrafik.at\/index.php?rest_route=\/wp\/v2\/pages\/75","targetHints":{"allow":["GET"]}}],"collection":[{"href":"https:\/\/ak-werbegrafik.at\/index.php?rest_route=\/wp\/v2\/pages"}],"about":[{"href":"https:\/\/ak-werbegrafik.at\/index.php?rest_route=\/wp\/v2\/types\/page"}],"author":[{"embeddable":true,"href":"https:\/\/ak-werbegrafik.at\/index.php?rest_route=\/wp\/v2\/users\/1"}],"replies":[{"embeddable":true,"href":"https:\/\/ak-werbegrafik.at\/index.php?rest_route=%2Fwp%2Fv2%2Fcomments&post=75"}],"version-history":[{"count":34,"href":"https:\/\/ak-werbegrafik.at\/index.php?rest_route=\/wp\/v2\/pages\/75\/revisions"}],"predecessor-version":[{"id":220,"href":"https:\/\/ak-werbegrafik.at\/index.php?rest_route=\/wp\/v2\/pages\/75\/revisions\/220"}],"wp:attachment":[{"href":"https:\/\/ak-werbegrafik.at\/index.php?rest_route=%2Fwp%2Fv2%2Fmedia&parent=75"}],"curies":[{"name":"wp","href":"https:\/\/api.w.org\/{rel}","templated":true}]}}